 = 3570. What is the greatest common factor of s and 6?
6
Suppose 2*h = -3*h, 0 = 4*a - 2*h + 136. Let u = a - -44. What is the highest common factor of 40 and u?
10
Let r(w) = w**3 - 7*w**2 + 18*w + 7. Let b be r(5). Calculate the highest common factor of b and 329.
47
Let x(q) = -70*q - 5. Suppose 4*w + 18 = -5*u + 12, 0 = -3*u + 5*w - 11. Let v be x(u). What is the greatest common divisor of v and 5?
5
Let f be (-1)/2*52/(-2). Let d = 65 - 8. Let q = d + -31. What is the greatest common factor of q and f?
13
Let i(t) = 7*t + 56. Let g be i(17). Calculate the greatest common divisor of 7 and g.
7
Let v(h) = -769*h + 58. Let g be v(-2). What is the greatest common factor of g and 84?
84
Let w(t) = 4*t**3 + 26*t**2 - 15*t - 6. Let f be w(-7). Calculate the highest common divisor of 113 and f.
1
Let j(p) = 69*p**2 + 18*p + 56. Let g be j(-4). What is the highest common factor of 68 and g?
68
Let b be -7 - -22 - (0 + 0). Let i(s) = s + 6. Let h be i(-4). Let x be (-44)/(-8) + 1/h. Calculate the highest common divisor of b and x.
3
Let j be (-484)/(-12)*(-2 - -5). Calculate the highest common divisor of 66 and j.
11
Let i(c) = -9*c - 7. Let k(h) = -44*h - 36. Let t(p) = -11*i(p) + 2*k(p). Let o be t(1). Calculate the highest common divisor of 64 and o.
16
Let q be (-72 - -76) + 102/1. What is the greatest common factor of 159 and q?
53
Let n(r) = -39*r + 35. Let z(l) = -118*l + 104. Let d(w) = -16*n(w) + 5*z(w). Let c be d(5). What is the highest common divisor of c and 26?
26
Let s be ((-130)/(-4) - -4) + (-3)/(-6). Let x = s - -43. What is the greatest common factor of x and 10?
10
Let w = -1053 - -1571. What is the highest common divisor of 14 and w?
14
Suppose 87 = u - 32. Calculate the greatest common divisor of u and 7.
7
Let x(f) = -2*f**3 - 5*f**2 - 3*f + 2. Let y be x(-3). Suppose -4*k = k + y. Let s = k - -7. Calculate the greatest common divisor of 33 and s.
3
Suppose 0 = -8*x - 299 + 1059. Calculate the highest common divisor of x and 19.
19
Suppose -4*o + 3*o = -10. Suppose f = -f - 5*n + 154, 5*n = o. Calculate the highest common factor of f and 18.
18
Let y be (-48)/(-14)*(-49)/(-14). Let i be (-200)/(-12)*y/5. What is the highest common divisor of 5 and i?
5
Suppose 5*j - 4*l + l = 220, -3*l = 0. What is the greatest common divisor of j and 352?
44
Let r(u) = -11*u + 750. Let i be r(45). Calculate the highest common factor of 75 and i.
15
Let i be (-654)/(-7) + (-1 - 22/(-14)). What is the highest common divisor of i and 235?
47
Let y(f) = -f**2 + 7*f + 4. Let x be y(9). Let t(s) = s + 18. Let c be t(x). Let r = c - -1. Calculate the greatest common divisor of r and 45.
5
Let r = -39 - -30. Let k be r/6 + 807/6. Let s be 12621/k + (-4)/(-38). Calculate the greatest common divisor of 19 and s.
19
Let o = -16 + 42. Let x = o - 5. Let c(p) = -34*p + 6. Let z be c(-6). Calculate the greatest common factor of z and x.
21
Suppose 751 = -3*j + 3820. Calculate the highest common divisor of j and 33.
33
Suppose -1 = -4*v + 2*x + 3, -6 = 2*v - 5*x. Suppose -3*n = -5*o - 16, 0 = 3*n + v*o + o - 48. What is the greatest common factor of n and 4?
4
Suppose 3*v - 22 - 26 = 0. Let g = v - 9. Suppose 9*u - 104 = g*u. Calculate the highest common divisor of 78 and u.
26
Suppose -23*v + 66 - 111 = -390. Let m(g) = -g**3 + g**2 + g + 1. Let r be m(0). Let c be 137/r - (-2)/(-1). Calculate the greatest common divisor of c and v.
15
Let l = -105 - -124. Suppose l*y = 25*y - 546. Calculate the greatest common factor of 13 and y.
13
Let x = 244 - 235. What is the greatest common factor of 15 and x?
3
Suppose 24*m - 26*m + 140 = 0. Let w = -9 - -16. What is the greatest common factor of w and m?
7
Let x be 18*2/(4 + 2). Let t be (1 - (1 + (-10)/x))*3. What is the greatest common factor of 10 and t?
5
Suppose 10*l - 312 = 6*l. Suppose 5*f - 10 = -a + l, -3*a = 2*f - 290. What is the greatest common factor of a and 14?
14
Suppose 2*t = 3*p - 78, 0 = p - t - 8 - 19. Let u(r) = 4*r**3 - r**2 - 2*r + 2. Let b be u(1). Calculate the highest common divisor of b and p.
3
Suppose -6*f - 16 = -10*f. Suppose 46 = 5*d - f. What is the greatest common factor of 25 and d?
5
Let h be (-3 + -157)*6/(-8). Suppose 5*b - 2*m = -110, -2*m - 25 = 2*b + m. Let w be 6/(-10) - 312/b. What is the greatest common factor of h and w?
15
Suppose -4*s - 5*i = 103, 4*s + 4*i + 43 = -57. Let w = s + 13. Let v = 10 + w. Calculate the highest common divisor of 2 and v.
1
Let c(q) = 2*q**2 + 2*q - 12. Let k be c(-5). Let g = 50 - k. Calculate the highest common divisor of g and 22.
22
Suppose -5*q - 5*b - 12 = -87, b = -3*q + 51. Calculate the highest common factor of 225 and q.
9
Let g = -315 - -321. Let o be 1/2*-27*-4. Calculate the greatest common divisor of g and o.
6
Let h(s) = 4*s**2 + 13*s - 62. Let o be h(-18). Calculate the greatest common factor of o and 40.
40
Let k(f) = 7*f + 19. Let h(l) = 20*l + 56. Let j(o) = 2*h(o) - 7*k(o). Let s be j(-6). Calculate the highest common divisor of 231 and s.
33
Suppose 0 = 3*a - 4*a. Suppose a*c = -2*c - 280. Let z = c - -332. What is the greatest common divisor of z and 24?
24
Let z = 11 + 1. Let h(t) = 4*t**2 + 45*t + 17. Let j be h(-13). What is the greatest common factor of z and j?
12
Let v = -93 + 177. Let d(h) = -2*h**3 - 3*h**2 + 6 + 3*h**3 + 2*h**2 - 5*h**2 + h. Let s be d(6). Calculate the greatest common factor of s and v.
12
Let q = -45 - -57. Let l be (-1)/(-3) + 71/3. Calculate the greatest common factor of q and l.
12
Suppose -h + 37 = -5*y, 23*y = -3*h + 18*y + 11. What is the highest common divisor of h and 186?
6
Let h be (-1)/(-1) + -1 - -4. Suppose -4*f = 5*k - 74, -4*f - 21 + 93 = h*k. What is the highest common divisor of f and 160?
16
Let q = 1223 + -999. What is the highest common factor of 728 and q?
56
Let o(m) = -m**3 - 22*m**2 - 19. Let z be o(-22). Let w = 30 + z. What is the greatest common factor of w and 1?
1
Suppose 0*c = c - 20. Let n(p) = -6*p**2 + 9*p**3 + 11*p**3 + 11*p - 19*p**3. Let q be n(5). Calculate the greatest common factor of q and c.
10
Let n be 526/10 - (-72)/180. Calculate the highest common factor of 742 and n.
53
Suppose 5760 = -0*b + 15*b. Calculate the highest common factor of b and 64.
64
Suppose -4*t - 377 = -893. Suppose 0*a + t = 3*a. Let y = 78 - a. Calculate the highest common divisor of 5 and y.
5
Let z be ((-768)/15)/((-1)/((-20)/(-8))). What is the highest common divisor of 224 and z?
32
Suppose 0 = -v - 3, q + v + 15 = -17. Let s = -30 - q. Let w be (27/12)/(s/(-24)). What is the highest common divisor of w and 6?
6
Let v(d) = 56*d - 499. Let t be v(9). Calculate the greatest common divisor of t and 320.
5
Suppose -2*v - 2 = -v. Let q be -2*v/4*3. Suppose -5*i - 150 = -q*j, -4*j - 4*i + 263 = 63. Calculate the greatest common divisor of j and 10.
10
Let o = -72 + 96. Let u be 38/3 + (-16)/o. Calculate the highest common divisor of u and 108.
12
Let y be ((-60)/(-12)*-4)/((-4)/58). What is the greatest common divisor of 20 and y?
10
Let y(i) = 233*i + 13. Let k be y(4). Suppose -8*t + k = -t. Let o be 20/8*2*3. What is the highest common divisor of o and t?
15
Suppose 4*r - 43 = j, r - 11 = -j + 6. Let z be 4 + -1 - (4 - 9). Suppose -6*t + z = -4*t. Calculate the highest common factor of t and r.
4
Let r(w) = -w + 40. Let k be r(0). Let h = 79 + -59. What is the highest common factor of h and k?
20
Let f = -59 + 281. Let t be (-8)/40 - f/(-10). Suppose t + 46 = 4*o. Calculate the greatest common divisor of 136 and o.
17
Let l(d) = -14*d - 6. Let g be l(-9). Let i be g/54 - 2/9. Suppose 3*b - 55 = i*b. What is the highest common factor of b and 5?
5
Let v(p) = 3*p**2 - 2*p + 1. Suppose -a + 2*o = 9, 4*a + 0*o + 2*o + 6 = 0. Let h be v(a). Calculate the highest common factor of h and 17.
17
Let p = -45 - -32. Let v = p - -20. Suppose 5*u + 2*m - 45 = -3*m, -4*m = 5*u - 43. What is the greatest common factor of v and u?
7
Let i(z) = 3*z**2 - z + 1. Let m be i(1). Suppose m*n + 19 = 64. What is the highest common divisor of 135 and n?
15
Let o(b) = 2*b**3 + 4*b**2 - 6*b - 3. Let m be o(-2). Let r = -2 - -2. Suppose u - c + 495 = 6*u, 2*c = r. Calculate the greatest common divisor of m and u.
9
Let l(d) = d**2 - 2*d - 10. Let n be l(-5). Suppose -5*f + n = 3*m, 2*m = 5*f + 1 - 2